{"id":5,"date":"2018-01-07T17:03:37","date_gmt":"2018-01-07T17:03:37","guid":{"rendered":"https:\/\/lpap.redeescolardeciencia.pt\/?page_id=5"},"modified":"2018-01-09T10:43:41","modified_gmt":"2018-01-09T10:43:41","slug":"home","status":"publish","type":"page","link":"https:\/\/lpap.redeescolardeciencia.pt\/","title":{"rendered":"Home"},"content":{"rendered":"<p>1) Tratamento de amostras de rochas do geoparque (e de outras localiza\u00e7\u00f5es) para observa\u00e7\u00e3o e descri\u00e7\u00e3o macrosc\u00f3pica (esqu\u00edrola de rocha) e observa\u00e7\u00e3o e descri\u00e7\u00e3o microsc\u00f3pica (l\u00e2mina delgada).<\/p>\n<p>Obs.: depois de processadas as rochas \u2013 as equ\u00edrolas e l\u00e2minas delgadas \u2013 e realizadas as descri\u00e7\u00f5es, as amostras e fichas t\u00e9cnicas ser\u00e3o encaminhadas\/arquivadas na Laborat\u00f3rio da Mem\u00f3ria (sendo poss\u00edvel ser requisitadas) e a informa\u00e7\u00e3o disponibilizada para consulta online.<\/p>\n","protected":false},"excerpt":{"rendered":"<p>1) Tratamento de amostras de rochas do geoparque (e de outras localiza\u00e7\u00f5es) para observa\u00e7\u00e3o e descri\u00e7\u00e3o macrosc\u00f3pica (esqu\u00edrola de rocha) e observa\u00e7\u00e3o e descri\u00e7\u00e3o microsc\u00f3pica [&hellip;]<\/p>\n","protected":false},"author":1,"featured_media":0,"parent":0,"menu_order":0,"comment_status":"closed","ping_status":"closed","template":"template-home.php","meta":{"footnotes":""},"class_list":["post-5","page","type-page","status-publish","hentry"],"_links":{"self":[{"href":"https:\/\/lpap.redeescolardeciencia.pt\/index.php?rest_route=\/wp\/v2\/pages\/5","targetHints":{"allow":["GET"]}}],"collection":[{"href":"https:\/\/lpap.redeescolardeciencia.pt\/index.php?rest_route=\/wp\/v2\/pages"}],"about":[{"href":"https:\/\/lpap.redeescolardeciencia.pt\/index.php?rest_route=\/wp\/v2\/types\/page"}],"author":[{"embeddable":true,"href":"https:\/\/lpap.redeescolardeciencia.pt\/index.php?rest_route=\/wp\/v2\/users\/1"}],"replies":[{"embeddable":true,"href":"https:\/\/lpap.redeescolardeciencia.pt\/index.php?rest_route=%2Fwp%2Fv2%2Fcomments&post=5"}],"version-history":[{"count":4,"href":"https:\/\/lpap.redeescolardeciencia.pt\/index.php?rest_route=\/wp\/v2\/pages\/5\/revisions"}],"predecessor-version":[{"id":24,"href":"https:\/\/lpap.redeescolardeciencia.pt\/index.php?rest_route=\/wp\/v2\/pages\/5\/revisions\/24"}],"wp:attachment":[{"href":"https:\/\/lpap.redeescolardeciencia.pt\/index.php?rest_route=%2Fwp%2Fv2%2Fmedia&parent=5"}],"curies":[{"name":"wp","href":"https:\/\/api.w.org\/{rel}","templated":true}]}}